2*a - 5*a + 30 = m. List the prime factors of r.
3, 5
Let f be (-8)/(-20) + (-396)/15. Let p = 8 + f. What are the prime factors of 138/9 + 6/p?
3, 5
Suppose -w = -5*f - 0*f + 4, 0 = -5*w - 2*f + 34. Let s be (-1)/(-1)*(8 - w). Suppose -h + 0*h = -s*i + 32, 4*h - 26 = -3*i. What are the prime factors of i?
2, 7
Let v be 2/(1/(-8)*-4). Suppose -7 + 23 = v*f. List the prime factors of (-336)/(-40)*10/f.
3, 7
Let u(y) = y**2 - y - 34. Let r be u(14). Let a = r + -77. What are the prime factors of a?
71
Let z = 661 - -3255. What are the prime factors of z?
2, 11, 89
Let a(m) = -m**3 - 8*m**2 - 7*m + 10. Let v = 22 - 3. Suppose 4*f + 9 + v = 0. List the prime factors of a(f).
2, 5
List the prime factors of 0 + (2 - (-4 + -525)).
3, 59
Suppose -3*p - 110 + 92 = 0. Suppose -5*l = -2*l + 126. Let q = p - l. List the prime factors of q.
2, 3
Let x(l) = 5*l**3 - 3*l**2 - 6*l + 12. Let w(t) = -14*t**3 + 9*t**2 + 19*t - 35. Let f(g) = -4*w(g) - 11*x(g). What are the prime factors of f(6)?
2, 7
Let g(z) = z**3 - 4*z**2 - 6*z - 4. Let q(c) = 2*c - 5. Let f be q(5). Let b be g(f). List the prime factors of 3 - b - (5 - 2).
3
Let u = 4026 - 2368. What are the prime factors of u?
2, 829
Let p(c) = c**3 + 9*c**2 - 9*c + 3. Let q be p(6). Let s = -270 + q. What are the prime factors of s?
3, 73
Suppose 3*t - 4*t + 5 = 0. Suppose -5*o - 5*u = -1405, -1107 = -t*o + u + 310. What are the prime factors of o?
283
Let q = -214 - -803. List the prime factors of q.
19, 31
Let w = -41 - -46. Suppose i - 372 = -w*i. List the prime factors of i.
2, 31
Suppose 1295 = -7*m + 4886. What are the prime factors of m?
3, 19
Let b = -6 - -10. Suppose -5*i + b = 9. List the prime factors of 490/40 - i/(-4).
2, 3
Suppose -9*b + 6 = -6*b. Let t be 11/4 - 3/(-12). Suppose -t*c + 14 - b = 0. List the prime factors of c.
2
Suppose 9*d + 1220 = 4*d. Let w = -118 - d. List the prime factors of w.
2, 3, 7
Let m = 145 - 209. Let g = m - -86. List the prime factors of g.
2, 11
Let m(x) = 21*x**2 - x + 3. Let z(t) = -3*t**2 + 16*t - 2. Let f be z(5). List the prime factors of m(f).
3, 7
Let w = -9 - -9. Suppose -5*k + 99 + 41 = w. Suppose l - 3*l = -k. List the prime factors of l.
2, 7
Let a(j) = -j + 12. Let q be a(9). Suppose -q*o = o - 24. Suppose -5*k - o = 5*z - 71, -5*k = -3*z - 25. What are the prime factors of k?
2
Suppose -4*p + 24 = 4. Suppose 28 + 7 = p*y. Let h = 43 - y. What are the prime factors of h?
2, 3
Let j = 249 - 67. Suppose -3*x = -10*x + j. List the prime factors of x.
2, 13
Suppose -17*y + 76*y - 146438 = 0. List the prime factors of y.
2, 17, 73
Suppose 5*p + 13 + 17 = 0. Suppose 0 = 2*y - 12 + 4, 0 = -2*z + 2*y + 56. Let x = z - p. What are the prime factors of x?
2, 19
Let j = -441 + 1365. Suppose 0 = -b - 6*b + j. What are the prime factors of b?
2, 3, 11
Let h(g) = g**3 - 2*g**2 + 22*g - 63. List the prime factors of h(12).
3, 547
Let l = 97 + -31. What are the prime factors of (-4)/(4*(-3)/l)?
2, 11
Suppose -p + 6*i = i - 10, 0 = -2*i - 4. Suppose p*w - 5*w = -390. List the prime factors of w.
2, 3, 13
Suppose -3*i = -2*p + 19 - 7, 3*i = -5*p + 51. Suppose -345 = -p*n - 111. List the prime factors of n.
2, 13
Let z be (-6)/14 + 1804/28. Suppose z = r - v - 186, 2*r - 502 = v. List the prime factors of r.
2, 3, 7
Let g be 24/(-2) + 1 + 4. What are the prime factors of (-6)/4*(-73 + g)?
2, 3, 5
Suppose 2*u + 500 = -3*u. Let m = -40 - u. What are the prime factors of -6*5/(m/(-8))?
2
Suppose 633 = 5*p + 4*d - 1700, -2*d = 3*p - 1399. What are the prime factors of p?
3, 5, 31
Let q = -15 - -29. Suppose 4*y + 3 = 3*n + q, 0 = -5*n - 5. Suppose 0 = -3*f - y*f + 60. List the prime factors of f.
2, 3
Let j(l) = -l**3 - 6*l**2 + 4*l - 13. Let s be j(-8). Suppose a = 0, -2*m + s + 127 = 2*a. What are the prime factors of m?
3, 5, 7
Suppose -3 = -2*h + 7. Let c(k) = k - 3*k + h*k. What are the prime factors of c(8)?
2, 3
Let a(l) = l**3 - 31*l**2 + 31*l - 36. Let i be a(30). Let j(o) = -2*o**3 - 7*o**2 + o**3 + 4 + 2*o**2 + 6*o. List the prime factors of j(i).
2
Suppose 0*l + 5*g = -5*l - 125, 3*l + 2*g + 72 = 0. Let s = l + 22. List the prime factors of (-3)/(-9)*s + 10.
2, 5
Suppose -5*p + 4*m + 382 = 0, -7*m = 5*p - 6*m - 392. What are the prime factors of p?
2, 3, 13
Let c(u) = -u**3 - 9*u**2 - 10*u - 12. Let n be c(-8). Suppose -3*x = -4*f + 3*f + 19, -n*f + 4*x = -36. Suppose j = f*j - 165. List the prime factors of j.
5, 11
Suppose 5*t - 2679 = 2*i, -3*t = i - 0*i - 1614. List the prime factors of t.
3, 179
Let c be -1*(-3 + 1 - -4). Let g = 10 + c. Suppose -g*h - 303 = -807. List the prime factors of h.
3, 7
Suppose 4*h + 207 = f, 5*f + 0*h - 3*h = 950. Suppose -2*s = 2*o - 126, 0 = -7*s + 4*s - 4*o + f. What are the prime factors of s?
5, 13
List the prime factors of -33*(-248)/12 + 6.
2, 43
Let m be (180/(-25))/((-3)/15). Suppose 54 = 3*h - 2*i, 0*h + 3*i + m = 2*h. List the prime factors of h.
2, 3
Suppose 2*n - 5*n + 3645 = 3*q, 4*q + 2*n - 4868 = 0. List the prime factors of q.
23, 53
Let l(z) = 21*z + 68. What are the prime factors of l(15)?
383
Let v = -1387 + 2018. What are the prime factors of v?
631
Let a be 36/(-8)*((-16)/9)/4. Suppose 2*v = c - a*c + 44, 4*c - 163 = 5*v. What are the prime factors of c?
2, 3, 7
Let u = -1353 + 2333. List the prime factors of u.
2, 5, 7
Let b = -13 + 19. What are the prime factors of ((-2)/6)/(b/(-612))?
2, 17
Suppose 799 = -4*q + 3*g, -5*g + 196 = -q - 3*g. Let a = q + 89. Let k = a - -159. List the prime factors of k.
2, 23
Let l = -286 - -403. Let j = l - 59. What are the prime factors of j?
2, 29
Suppose -3*a = -l - 74, 2*a + 4*l - 129 = -3*a. Let t = a - 15. What are the prime factors of t?
2, 5
Suppose 2*r + 5*r = 0. Suppose -4*t + r*t + 3*d + 541 = 0, 3*t - d = 402. List the prime factors of t.
7, 19
Suppose 3*y - t - 15 = 0, 5*y + 0*t - 17 = -t. Let s = y - 0. Suppose -a = 2*l - 6*a - 32, -s = a. List the prime factors of l.
2, 3
Let m(a) = -9 + 0*a - 3 + 11*a. List the prime factors of m(6).
2, 3
Let u(r) = r**3 - 2*r**2 + 2*r - 1. Let z be u(1). Suppose 4*c - 4*o - 453 - 123 = z, 5*c = -o + 714. Let i = c + -84. What are the prime factors of i?
59
Let r be 0*(-1)/(-5) - -3. Suppose 0 = -5*s + 2*i + 4082, 3*i + 2*i - 2443 = -r*s. List the prime factors of s/8*(-1)/(-2).
3, 17
Suppose 572 = w + 3*d, -7*w - 2*d = -8*w + 582. List the prime factors of w.
2, 17
Let u(w) = w - 6. Let y be u(7). Let s be -10 - -9 - (y + 26). Let n = 49 + s. List the prime factors of n.
3, 7
Let a = -1724 - -641. List the prime factors of a/(-19) + 1/1.
2, 29
Suppose -5*w + 3942 = a, w - 18251 + 2426 = -4*a. List the prime factors of a.
3, 1319
Let s(r) be the third derivative of r**5/20 - r**3/6 + 5*r**2. Let l be s(-1). Suppose y = 5*p + l, -3*y = -2*p - 24 + 5. What are the prime factors of y?
7
Suppose -22 + 2 = 2*r. Let h(b) = b**2 + 12*b - 6. Let g(t) = -t. Let q(m) = 4*g(m) + h(m). List the prime factors of q(r).
2, 7
What are the prime factors of 7/(84/135)*(-896)/(-21)?
2, 3, 5
Let r(c) = 3*c**3 + 2*c**2 - 3*c - 2. Let a be r(-2). Let v = 33 - a. What are the prime factors of v?
3, 5
Suppose -20 = 4*r, -z + 2*r = -0*z - 18. Suppose 12*j = z*j + 28. List the prime factors of j.
7
Let m(j) = -2*j + 20. Let p be m(10). Suppose p = -3*a + 7*d - 5*d + 613, -5*a = 5*d - 1055. List the prime factors of a.
3, 23
Suppose 2*l = 4*z - 2, 0*l + 2*l - 2*z = 4. Suppose 0 = v + 3*v + l*j + 5, -v + 5*j + 5 = 0. Suppose -u + 2*u - 12 = v. What are the prime factors of u?
2, 3
Suppose -59*d = -d - 57594. List the prime factors of d.
3, 331
Let b(g) = g**3 - 7*g**2 - 7*g - 11. Let y be b(8). Let m(d) be the third derivative of -d**4/6 + 2*d**3/3 + 12*d**2. What are the prime factors of m(y)?
2
Let q be (-3 + 4)*(22 + 2). What are the prime factors of (-12)/q - (-238)/4?
59
Let r(n) be the second derivative of n**5/20 - 5*n**4/6 - n**3/2 - n**2/2 - n. Let g be r(11). What are the prime factors of g/(-4)*80/(-30)?
2, 29
List the prime factors of 2 + 3*33/9.
13
Let m = -1122 - -5371. What are the prime factors of m?
7, 607
Let w(g) = g**2 - 9*g + 12. Let i be w(6). Let s = i - -8. Suppose -3*t + 28 = -5*p + 2, 0 = t + s*p - 27. List the prime factors of t.
17
Suppose -2*q + 3*q = 3*d - 112, -3*d + 108 = -3*q. What are the prime factors of d?
2,